.
-1
Let n(m) = -m**3 + 2*m**2 - 4*m - 24. Give n(0).
-24
Let h(m) = -34*m**3 - 2*m**2 + 4*m - 2. Determine h(1).
-34
Let c(a) = a**3 + 2*a**2 - 2*a. Calculate c(0).
0
Let z(w) = -w**3 - 3*w**2 + 8*w + 7. Determine z(-5).
17
Let i(w) = -8*w**2 - 1. Give i(1).
-9
Let m(t) = 2*t**3 - 2*t**2 - t - 1. What is m(-2)?
-23
Let a(k) = -k - 23. Calculate a(-16).
-7
Let o(p) = -6*p + 3. Calculate o(2).
-9
Let c(s) = s - 4. Calculate c(6).
2
Let n(a) = -2*a + 16. Calculate n(10).
-4
Let v(d) = -2*d**2 - 56*d - 11. Give v(-28).
-11
Let t(q) = -q**2 + 23*q + 75. Determine t(26).
-3
Let c(w) = 6*w**2. What is c(-1)?
6
Let t(g) = 10*g**2 + g. Give t(-1).
9
Let f(p) = -p**3 + 6*p**2 - 7*p - 1. Give f(5).
-11
Let v(i) = -5*i**2 + i + 1. Determine v(3).
-41
Let p(i) = i**3 - 15*i**2 - i - 2. Determine p(15).
-17
Let d(m) = m - 18. What is d(-10)?
-28
Let w(c) = 10*c. What is w(1)?
10
Let c(f) = f**2 + 22*f - 79. Calculate c(-25).
-4
Let p(a) = 9*a**3 - a**2 + 2*a + 2. Determine p(-1).
-10
Let p(n) = -2*n**2 + 3*n - 5. Give p(2).
-7
Let a(f) = -10*f**3 - 2*f**2 - 2*f - 4. Give a(-2).
72
Let h(s) = 2*s**2 + 62*s - 70. Calculate h(-32).
-6
Let j(p) = -p**3 - 4*p**2 - p - 6. Determine j(-4).
-2
Let p(d) = d**3 - 12*d**2 - 12*d - 18. Determine p(13).
-5
Let z(w) = -7*w + 72. Determine z(10).
2
Let q(l) = -2*l**2 - 3*l + 4. Determine q(2).
-10
Let s(t) = 4*t**2 - 9*t - 3. Give s(3).
6
Let o(q) = 4*q - 104. What is o(20)?
-24
Let s(a) = -a**3 - 7*a**2 - 2*a + 18. Determine s(-3).
-12
Let u(f) = 2*f**2 - 8*f + 10. What is u(4)?
10
Let b(l) = l**2 + 19*l + 17. What is b(-13)?
-61
Let j(o) = -o**2 + 8*o + 34. Calculate j(11).
1
Let a(s) = -s**2 - 2*s + 7. Determine a(-5).
-8
Let o(f) = 29*f - 174. Determine o(7).
29
Let n(u) = 29*u - 54. Calculate n(7).
149
Let o(g) = -13*g - 53. Determine o(-4).
-1
Let z(i) = 2*i**2 - 22*i - 58. Give z(11).
-58
Let o(f) = f + 10. Calculate o(-6).
4
Let o(n) = 4*n**2 + 4*n + 1. Determine o(-3).
25
Let z(l) = l**2 - 23*l - 103. Calculate z(-4).
5
Let g(w) = 2*w**3 + 5*w**2 - 5*w - 6. Calculate g(-5).
-106
Let u(j) = -j**3 - 21*j**2 - 37*j + 11. What is u(-19)?
-8
Let t(c) = 32*c**3 - 4*c**2 - 4*c - 1. Give t(-1).
-33
Let b(x) = x**2 + 4*x - 10. Give b(-6).
2
Let r(x) = x**2 + x - 7. What is r(-3)?
-1
Let m(u) = u**2 + 8*u - 13. What is m(-9)?
-4
Let w(r) = r - 5. What is w(10)?
5
Let j(h) = 11*h + 136. Give j(-13).
-7
Let u(d) = -d**3 - 2*d**2 + 4*d. Give u(-3).
-3
Let a(m) = -m**3 - 6*m**2 + 8*m - 1. Calculate a(-7).
-8
Let u(z) = 14*z - 9. What is u(1)?
5
Let o(i) = -i**2 + 12*i - 11. Calculate o(10).
9
Let f(j) = -j**2 - 24*j + 70. Give f(-30).
-110
Let t(r) = 4*r - 15. What is t(6)?
9
Let n(l) = -9*l**3 - l**2 + 6*l - 2. Calculate n(2).
-66
Let n(l) = -l**3 - 6*l**2 + 3*l + 7. Calculate n(-5).
-33
Let y(h) = h**2 - 3*h - 5. What is y(5)?
5
Let x(f) = -9*f + 6. Give x(8).
-66
Let z(y) = -3*y - 1. What is z(-11)?
32
Let t(m) = 7*m - 107. Give t(15).
-2
Let a(v) = -v**3 + 5*v**2 - 2*v - 14. Calculate a(6).
-62
Let n(m) = 9*m - 9. Calculate n(-4).
-45
Let p(c) = c**3 + c**2 - 2. Calculate p(-3).
-20
Let b(x) = 7*x**2 + 41*x + 39. What is b(-1)?
5
Let v(a) = -a**3 - 7*a**2 + 20*a + 5. Calculate v(-8).
-91
Let l(c) = 12*c + 95. Determine l(-5).
35
Let i(c) = 46*c**2 - c + 1. Give i(1).
46
Let m(o) = o - 12. Give m(-3).
-15
Let n(f) = -9*f. Calculate n(2).
-18
Let x(b) = b**3 - 15*b**2 - 34*b - 1. Determine x(17).
-1
Let y(l) = 2*l**2 - 25*l - 104. Determine y(-4).
28
Let a(v) = 2*v**2 + 6*v - 15. Determine a(5).
65
Let a(j) = -57*j**2 - 2*j - 5. What is a(-1)?
-60
Let i(o) = -o**3 - 4*o**2 + 31*o + 5. What is i(-8)?
13
Let o(m) = -m + 5. Give o(11).
-6
Let x(o) = -2*o**2 - 30*o - 26. Calculate x(-14).
2
Let s(u) = -17*u + 19. What is s(-7)?
138
Let t(j) = 5*j**2 - 2*j + 6. What is t(3)?
45
Let a(b) = -16*b**3 + b**2 - b - 1. What is a(-1)?
17
Let r(b) = 2*b**2 + 5*b - 27. Give r(-5).
-2
Let u(b) = -2*b**2 + 34*b - 1. What is u(17)?
-1
Let q(p) = 3*p**3 + 3*p**2 - 2*p + 3. Determine q(2).
35
Let p(h) = -h**2 + 15*h - 61. Calculate p(10).
-11
Let n(o) = -3*o**2 + 8*o - 1. Determine n(3).
-4
Let p(f) = -10*f**2 + 7*f - 8. What is p(1)?
-11
Let w(s) = s**3 - 5*s**2 - 3*s + 8. Calculate w(5).
-7
Let g(t) = -t**2 + 12*t - 32. Calculate g(9).
-5
Let i(s) = -s**2 - 8*s + 32. Give i(3).
-1
Let v(p) = p**3 - 6*p**2 + 19*p - 3. What is v(4)?
41
Let o(k) = -k**2 - 18*k + 369. Calculate o(12).
9
Let f(o) = 4*o + 3. Determine f(7).
31
Let s(v) = -v**2 - 12*v - 4. Determine s(-8).
28
Let o(w) = 2*w - 20. Calculate o(-10).
-40
Let o(r) = r**3 + 7*r**2 + 5*r - 7. What is o(-5)?
18
Let s(x) = -x**3 + 11*x**2 + x - 19. What is s(11)?
-8
Let i(r) = -4*r - 20. Give i(-14).
36
Let h(a) = a**3 - 4*a**2 - 6*a + 9. Calculate h(3).
-18
Let t(p) = -2*p**2 - 20*p - 4. What is t(-10)?
-4
Let k(j) = 5*j**2 - j. What is k(1)?
4
Let m(d) = -15*d - 3. Determine m(2).
-33
Let k(y) = -y**2 - 8*y - 7. Give k(-9).
-16
Let j(n) = 3*n + 10. Determine j(-9).
-17
Let w(v) = v**2 + 2*v + 3. Determine w(-3).
6
Let m(w) = -w**3 + 8*w**2 + 20*w + 8. Calculate m(10).
8
Let i(f) = -10*f + 75. Give i(7).
5
Let i(x) = x**3 - 8*x**2 + 6*x + 12. Give i(6).
-24
Let v(o) = 32*o + 197. Calculate v(-6).
5
Let h(w) = 3*w**2 - 21*w + 30. Give h(5).
0
Let j(z) = -7*z**2 + z + 1. What is j(-1)?
-7
Let f(h) = -h**2 + 11*h + 41. What is f(14)?
-1
Let w(o) = -2*o - 1. Determine w(6).
-13
Let m(w) = -7*w + 86. What is m(14)?
-12
Let x(z) = z**3 - 6*z**2 + 7*z + 9. Give x(4).
5
Let w(s) = s**3 - 4*s**2 - 7*s + 7. What is w(4)?
-21
Let k(b) = -2*b**2 - 10*b + 54. What is k(-8)?
6
Let z(a) = -4*a - 27. What is z(6)?
-51
Let z(p) = p**3 - 19*p**2 - 3*p + 57. Give z(19).
0
Let q(d) = -d**3 + 21*d**2 - d - 28. What is q(21)?
-49
Let t(u) = -2*u**3 + 12*u**2 + 10*u + 2. Calculate t(6).
62
Let u(q) = q**2 - 17*q + 19. Calculate u(18).
37
Let z(h) = h**2 + 26*h - 5. Determine z(0).
-5
Let f(g) = -3*g - 15. Determine f(1).
-18
Let i(j) = 2*j**3 - j**2 + j + 11. Calculate i(0).
11
Let z(o) = -15*o + 196. Determine z(13).
1
Let d(j) = 13*j + 564. What is d(-43)?
5
Let r(x) = x**2 - 4*x + 37. What is r(0)?
37
Let n(a) = 7*a - 14. Determine n(2).
0
Let y(s) = 14*s**3 + s**2 + s. Give y(-1).
-14
Let p(l) = l**3 - 171. Determine p(0).
-171
Let t(n) = 11*n**3 - n**2 + 3*n + 2. Determine t(2).
92
Let a(b) = b**2 - 3*b - 1. What is a(5)?
9
Let t(a) = a**2 - 8*a + 4. What is t(9)?
13
Let m(p) = -2*p - 7. Give m(4).
-15
Let y(q) = 79*q + 7. What is y(0)?
7
Let v(c) = -c**2 + 13*c + 11. Give v(14).
-3
Let j(b) = -6*b - 23. Determine j(-5).
7
Let d(h) = -h**2 - 11*h + 12. Give d(-12).
0
Let v(z) = z**3 + 5*z**2 + 3*z - 19. What is v(-7)?
-138
Let n(f) = -f**2 - 2*f + 5. Determine n(-2).
5
Let i(a) = -a - 12. What is i(-7)?
-5
Let c(s) = -s**2 + 15*s - 3. Determine c(10).
47
Let r(a) = -a**2 + 19*a - 52. Calculate r(16).
-4
Let r(p) = -p + 5. Determine r(3).
2
Let t(g) = 10*g**2 - 80*g + 5. Give t(8).
5
Let o(j) = -10*j - 1. Calculate o(-1).
9
Let g(b) = -b**3 + 8*b**2 - 11*b - 8. Give g(6).
-2
Let z(r) = -13*r**3 + 2*r**2 - 1. Calculate z(-1).
14
Let s(d) = -d - 2. What is s(-3)?
1
Let u(g) = -g**2 + 9*g - 24. Calculate u(11).
-46
Let d(o) = -o**2 + 8*o + 1. Calculate d(8).
1
Let c(t) = -10*t - 399. Determine c(-40).
1
Let c(s) = s**3 - 12*s**2 + s - 4. Give c(12).
8
Let o(y) = y + 20. What is o(13)?
33
Let c(o) = 3*o**3 - 2*o + 2. Give c(0).
2
Let q(y) = 20*y - 340. What is q(18)?
20
Let f(q) = 12*q. Calculate f(-2).
-24
Let v(s) = -s - 9. Give v(-16).
7
Let z(j) = 9*j - 50. Determine z(23).
157
Let n(v) = -2*v**3 + 3*v**2 - 4*v + 3. Calculate n(3).
-36
Let j(g) = -g**3 + 6*g**2 + 27*g - 3. Give j(9).
-3
Let a(k) = 2*k**2 + 2*k - 2. Give a(2).
10
Let m(l) = 11*l - 190. Give m(17).
-3
Let l(s) = 4*s**3 + 2*s**2. What is l(2)?
40
Let p(l) = -l**3 - 2*l**2 - l - 7. What is p(0)?
-7
Let h(z) = -z**2 - 14*z - 3. Calculate h(-3).
30
Let f(c) = 2*c**2 - 5*c + 1. What is f(4)?
13
Let c(h) = -h**3 + 10*h**2 - h + 8. Determine c(10).
-2
Let l(c) = c**2 + 12*c - 20. Determine l(-13).
-7
Let t(w) = w + 8. Determine t(3).
11
Let a(n) = n**3 + 15*n**2 - 16*n - 21. Determine a(-16).
-21
Let o(a) = -a**2 + 15*a - 22. Calculate o(9).
32
Let o(p) = p**3 - 5*p**2 + 3*p - 14. Give o(5).
1
Let i(k) = -k**3 + 12*k**2 - 14*k + 20. Give i(11)